tors of 9034.
2, 4517
What are the prime factors of 920?
2, 5, 23
What are the prime factors of 2113?
2113
List the prime factors of 23876.
2, 47, 127
What are the prime factors of 392?
2, 7
List the prime factors of 962.
2, 13, 37
What are the prime factors of 4768?
2, 149
What are the prime factors of 92807?
11, 13, 59
What are the prime factors of 499?
499
List the prime factors of 3343.
3343
What are the prime factors of 665?
5, 7, 19
What are the prime factors of 32646?
2, 3, 5441
What are the prime factors of 8825?
5, 353
List the prime factors of 1038.
2, 3, 173
What are the prime factors of 3395?
5, 7, 97
List the prime factors of 138.
2, 3, 23
List the prime factors of 133290.
2, 3, 5, 1481
What are the prime factors of 46143?
3, 1709
What are the prime factors of 61826?
2, 19, 1627
What are the prime factors of 245?
5, 7
What are the prime factors of 1276?
2, 11, 29
What are the prime factors of 50110?
2, 5, 5011
What are the prime factors of 385?
5, 7, 11
What are the prime factors of 28257?
3, 9419
What are the prime factors of 13677?
3, 47, 97
What are the prime factors of 30828?
2, 3, 7, 367
List the prime factors of 216.
2, 3
List the prime factors of 38710.
2, 5, 7, 79
What are the prime factors of 7174?
2, 17, 211
List the prime factors of 1643.
31, 53
List the prime factors of 9971.
13, 59
List the prime factors of 1612.
2, 13, 31
List the prime factors of 2912.
2, 7, 13
What are the prime factors of 1641?
3, 547
List the prime factors of 990.
2, 3, 5, 11
What are the prime factors of 4777?
17, 281
List the prime factors of 131760.
2, 3, 5, 61
List the prime factors of 1272.
2, 3, 53
What are the prime factors of 28739?
29, 991
List the prime factors of 92011.
101, 911
What are the prime factors of 1156?
2, 17
What are the prime factors of 11185?
5, 2237
List the prime factors of 2480.
2, 5, 31
What are the prime factors of 154332?
2, 3, 1429
What are the prime factors of 1341?
3, 149
List the prime factors of 26170.
2, 5, 2617
What are the prime factors of 56209?
56209
List the prime factors of 2552.
2, 11, 29
List the prime factors of 49098.
2, 3, 7, 167
List the prime factors of 505.
5, 101
List the prime factors of 23324.
2, 7, 17
What are the prime factors of 6584?
2, 823
List the prime factors of 832.
2, 13
What are the prime factors of 51858?
2, 3, 43, 67
List the prime factors of 21279.
3, 41, 173
List the prime factors of 13830.
2, 3, 5, 461
List the prime factors of 254.
2, 127
What are the prime factors of 1057?
7, 151
What are the prime factors of 3761?
3761
What are the prime factors of 301?
7, 43
What are the prime factors of 3118?
2, 1559
List the prime factors of 1389.
3, 463
What are the prime factors of 4939?
11, 449
List the prime factors of 118410.
2, 3, 5, 3947
List the prime factors of 114823.
199, 577
List the prime factors of 101.
101
List the prime factors of 82541.
59, 1399
What are the prime factors of 169?
13
List the prime factors of 818.
2, 409
What are the prime factors of 16614?
2, 3, 13, 71
List the prime factors of 14995.
5, 2999
List the prime factors of 7140.
2, 3, 5, 7, 17
List the prime factors of 28606.
2, 14303
What are the prime factors of 25079?
31, 809
What are the prime factors of 964?
2, 241
List the prime factors of 2139.
3, 23, 31
List the prime factors of 6816.
2, 3, 71
List the prime factors of 1022.
2, 7, 73
List the prime factors of 433.
433
List the prime factors of 7416.
2, 3, 103
List the prime factors of 8317.
8317
What are the prime factors of 3603?
3, 1201
What are the prime factors of 44246?
2, 22123
What are the prime factors of 814?
2, 11, 37
What are the prime factors of 9083?
31, 293
What are the prime factors of 3162?
2, 3, 17, 31
What are the prime factors of 2319?
3, 773
List the prime factors of 62972.
2, 7, 13, 173
List the prime factors of 690.
2, 3, 5, 23
What are the prime factors of 6229?
6229
What are the prime factors of 81891?
3, 337
List the prime factors of 3161.
29, 109
List the prime factors of 77085.
3, 5, 571
What are the prime factors of 18066?
2, 3, 3011
What are the prime factors of 22743?
3, 7, 19
What are the prime factors of 1020?
2, 3, 5, 17
What are the prime factors of 1246?
2, 7, 89
What are the prime factors of 1188?
2, 3, 11
What are the prime factors of 556?
2, 139
What are the prime factors of 4788?
2, 3, 7, 19
List the prime factors of 140712.
2, 3, 11, 13, 41
List the prime factors of 2825.
5, 113
List the prime factors of 31369.
13, 19, 127
List the prime factors of 3062.
2, 1531
What are the prime factors of 3655?
5, 17, 43
List the prime factors of 48491.
48491
List the prime factors of 2921.
23, 127
What are the prime factors of 1608?
2, 3, 67
What are the prime factors of 7477?
7477
List the prime factors of 2454.
2, 3, 409
What are the prime factors of 1755?
3, 5, 13
List the prime factors of 1574.
2, 787
List the prime factors of 749.
7, 107
What are the prime factors of 31926?
2, 3, 17, 313
What are the prime factors of 50964?
2, 3, 31, 137
List the prime factors of 5009.
5009
List the prime factors of 4548.
2, 3, 379
What are the prime factors of 3393?
3, 13, 29
What are the prime factors of 187864?
2, 23, 1021
What are the prime factors of 124268?
2, 47, 661
What are the prime factors of 77640?
2, 3, 5, 647
What are the prime factors of 352?
2, 11
What are the prime factors of 13495?
5, 2699
List the prime factors of 1468.
2, 367
What are the prime factors of 37711?
43, 877
What are the prime factors of 361?
19
What are the prime factors of 2745?
3, 5, 61
List the prime factors of 1376.
2, 43
What are the prime factors of 110373?
3, 36791
What are the prime factors of 1553?
1553
What are the prime factors of 123972?
2, 3, 10331
List the prime factors of 73244.
2, 18311
What are the prime factors of 3474?
2, 3, 193
List the prime factors of 1950.
2, 3, 5, 13
List the prime factors of 6537.
3, 2179
List the prime factors of 506.
2, 11, 23
What are the prime factors of 20?
2, 5
List the prime factors of 2068.
2, 11, 47
What are the prime factors of 2908?
2, 727
What are the prime factors of 1585?
5, 317
List the prime factors of 2041.
13, 157
List the prime factors of 673.
673
List the prime factors of 123146.
2, 67, 919
List the prime factors of 31184.
2, 1949
What are the prime factors of 2503?
2503
List the prime factors of 1782.
2, 3, 11
What are the prime factors of 4221?
3, 7, 67
What are the prime factors of 118938?
2, 3, 43, 461
List the prime factors of 998.
2, 499
What are the prime factors of 4747?
47, 101
What are the prime factors of 165929?
73, 2273
What are the prime factors of 10504?
2, 13, 101
What are the prime factors of 53352?
2, 3, 13, 19
What are the prime factors of 461?
461
List the prime factors of 62019.
3, 2297
List the prime factors of 34630.
2, 5, 3463
List the prime factors of 75561.
3, 89, 283
List the prime factors of 2795.
5, 13, 43
What are the prime factors of 46050?
2, 3, 5, 307
List the prime factors of 40781.
13, 3137
List the prime factors of 67423.
191, 353
List the prime factors of 181333.
149, 1217
List the prime factors of 98410.
2, 5, 13, 757
What are the prime factors of 74566?
2, 23, 1621
What are the prime factors of 982?
2, 491
What are the prime factors of 2845?
5, 569
What are the prime factors of 17411?
23, 757
What are the prime factors of 906?
2, 3, 151
List the prime factors of 6976.
2, 109
What are the prime factors of 11836?
2, 11, 269
What are the prime factors of 10342?
2, 5171
List the prime factors of 11675.
5, 467
What are the prime factors of 2235?
3, 5, 149
List the prime factors of 5575.
5, 223
List the prime factors of 32778.
2, 3, 607
What are the prime factors of 9209?
9209
What are the prime factors of 16656?
2, 3, 347
What are the prime factors of 1808?
2, 113
List the prime factors of 55047.
3, 59, 311
List the prime factors of 27945.
3, 5, 23
List the prime factors of 31731.
3, 7, 1511
List the prime factors of 9593.
53, 181
What are the prime factors of 3857?
7, 19, 29
List the prime factors of 40683.
3, 71, 191
What are the prime factors of 3488?
2, 109
List the prime factors of 340.
2, 5, 17
List the prime factors of 1764.
2, 3, 7
List the prime factors of 8861.
8861
What are the prime factors of 1665?
3, 5, 37
What are the prime factors of 565?
5